et a be q(-1). Calculate the highest common factor of j and a.
17
Let b(t) = t**3 - 4*t**2 + 5. Let y be b(4). Suppose 2*l - y = 3. Let j be (-364)/(-10) - (-12)/(-30). Calculate the highest common factor of j and l.
4
Let c = 148 - 133. What is the highest common divisor of 480 and c?
15
Suppose -3*x + h + 13 = 0, 4*x - 3*h = -6*h. Suppose 2*a = x*c - 694, 2*c = -c - 2*a + 674. What is the greatest common divisor of c and 19?
19
Let c be (0 + 3/6)*(3 + 1). Suppose -2*w = 6, -c*z - 3*w - w = -52. Calculate the greatest common divisor of 8 and z.
8
Let r = 223 - 158. Let l = r - 17. What is the greatest common factor of l and 3?
3
Let i = -49 - -42. Let p(j) = j**2 + 7*j + 5. Let l be p(i). Calculate the greatest common divisor of l and 35.
5
Suppose 4 = -3*y + 16. Suppose 0 = -y*w + 3*w + 5*k + 28, -2*k - 16 = -2*w. Calculate the highest common factor of w and 15.
3
Suppose 7*t + q = 9622, 10*t + 3*q = 6*t + 5491. What is the greatest common divisor of t and 165?
55
Suppose 0 = 10*y - 22*y + 336. What is the highest common factor of y and 896?
28
Suppose -18*n = -n - 663. Suppose -34*s = -n*s + 240. Calculate the highest common divisor of s and 192.
48
Let m be 9*4/12*(-111)/(-9). Calculate the highest common factor of m and 592.
37
Let j(u) = 8*u + 118. Let m be j(-2). What is the highest common factor of 6 and m?
6
Let h(z) = -6*z + 5. Let i be h(-10). Let u = i - -143. Calculate the highest common factor of u and 52.
52
Let p be (-1)/(-1) + (-162)/(-3). Let r(y) = 3*y**3 + 70*y**2 - 50*y - 37. Let a be r(-24). What is the highest common divisor of p and a?
11
Suppose -512 = -2*f - 270. What is the greatest common divisor of 33 and f?
11
Suppose 17 + 91 = 4*r. Let u be r + (0 - 0)*1. What is the greatest common divisor of 3 and u?
3
Let j(u) = 57*u**2 - u - 1. Let f be j(2). Let v(y) = -224*y + 2106. Let g be v(9). Calculate the highest common divisor of g and f.
45
Let x(y) = -1. Let p(q) = 2*q - 3. Let h(u) = p(u) - 2*x(u). Let k be h(11). Let j = -10 + k. Calculate the highest common factor of j and 77.
11
Let x be 2/3 + (-5230)/(-30). Let s = 56 - 31. Calculate the greatest common divisor of x and s.
25
Suppose -q + 6*q = 2*c - 92, -5*c = 4*q - 164. Calculate the greatest common divisor of 48 and c.
12
Suppose -3*x - 9 = 3*c, -3*c + 5*c + 5*x + 21 = 0. Suppose z = -c*y + 38, 7*y - 2*z = 2*y + 86. Calculate the greatest common factor of 198 and y.
18
Let m = 61 - 31. Let l be ((-12)/10)/((-9)/m). Let f be (2/l)/(2/200). Calculate the greatest common factor of 10 and f.
10
Let y = 8 + -6. Suppose w + 26 = 2*g, 3*g + 3*w + y*w - 26 = 0. Calculate the greatest common factor of g and 4.
4
Let v = -546 - -1557. Let y = -688 + v. What is the highest common divisor of y and 17?
17
Suppose 0*i + 4*i = 5*n + 162, 0 = i - 5*n - 48. Suppose 6*w - i - 52 = 0. Calculate the greatest common factor of 120 and w.
15
Let u = 11 + -6. Let z = -119 + 213. Let o be (-2)/((-20)/z) + (-36)/(-60). What is the greatest common factor of u and o?
5
Let s = 20 + 106. Let u(t) = -t + 1. Let c be u(-4). Suppose -15 = -4*a - c*h + 16, -a + 2*h = -24. What is the greatest common divisor of a and s?
14
Let s(z) = 93*z + 51. Let x(b) = 19*b + 10. Let w(q) = -4*s(q) + 21*x(q). Let h be w(1). Calculate the highest common factor of h and 3.
3
Suppose -7*k + 2*k + 2*a + 496 = 0, 4*a = -5*k + 508. Calculate the greatest common factor of k and 8.
4
Let a be (912/4)/(-3)*-2*1. Calculate the greatest common factor of a and 19.
19
Suppose 0 = -2*z + 379 - 217. Calculate the highest common factor of 9 and z.
9
Suppose -4*n + 7*v + 225 = 2*v, 0 = 5*v - 15. Calculate the highest common divisor of 15 and n.
15
Let v = 2 + 6. Let a be (6/v)/(1/4). Let b(l) = 11*l - 3. Let j be b(3). Calculate the greatest common divisor of a and j.
3
Let p(z) = 3*z**3 + 198*z**2 - 202*z - 17. Let n be p(-67). What is the highest common divisor of 10 and n?
10
Let d = 259 + -28. Let w be (-10)/2*d/(-15). Suppose -19 - 25 = -4*m. Calculate the greatest common factor of m and w.
11
Let u be (-8 + 3)/(1/(-6)). Let y be 6/1 + (0 - 0)/2. Calculate the greatest common factor of y and u.
6
Suppose -4*b + 4*r + 76 = 0, 5*b + 3*r - 4*r - 99 = 0. What is the highest common divisor of b and 1060?
20
Let x = -9 - -34. Let o = 26 - x. Let m be 1 - -2 - (o - 20). What is the highest common factor of m and 2?
2
Let g = -79 + 81. Let d be (14/(-12)*4)/(g/(-3)). Let y = -121 + 170. What is the highest common divisor of y and d?
7
Let k(u) = -663*u + 34. Let o be k(-2). What is the greatest common divisor of o and 17?
17
Let z be ((-5)/(-4))/((-42)/(-8) + -5). Let m be 2964/10 + 3/z. Calculate the greatest common divisor of m and 27.
27
Let g be (6 + -7)/((-1)/29). Let f = 70 + g. What is the greatest common factor of f and 9?
9
Let u be (-46)/115 + (-197)/(-5). Calculate the highest common divisor of 260 and u.
13
Let t(z) = z**3 - 4*z**2 - 4*z + 15. Let q be t(6). Suppose 5*y - 3*v + 0*v = 99, 0 = -4*y - 3*v + q. What is the greatest common factor of y and 18?
18
Let t = -12 - -14. Let m be t/(-12) + 1731/18. Suppose -4*o - m = -4*q, -2*q + 4*o = -4*q + 24. What is the greatest common factor of 8 and q?
4
Let w be 2*(-9)/6 + 9. Let a be w/30 - 764/(-5). What is the greatest common factor of 17 and a?
17
Suppose -3*a = 4*c - 2079, a + 3*c - 241 = 457. What is the greatest common divisor of a and 53?
53
Let o be ((-6)/(-4))/((-202)/(-100) - 2). What is the greatest common divisor of 45 and o?
15
Let r(g) = 25*g + 37*g**3 + 19*g**2 - 4*g - 4 - 38*g**3. Let o be r(20). What is the greatest common factor of 40 and o?
8
Let l(j) = 98*j**3 + 1. Let z be l(1). Suppose -5*k + k = -2*g + 60, 0 = 5*k + 10. Let u = 35 - g. Calculate the greatest common factor of z and u.
9
Let l = -1548 - -2109. Calculate the highest common factor of l and 119.
17
Let l(h) = -h**3 - 4*h**2 - 15*h + 9. Let y be l(-7). Calculate the highest common factor of 29 and y.
29
Suppose -12*g = -7*g - 3*h - 82, 4*g = -5*h + 73. Suppose -v = 12 - 35. Let x = v - g. Calculate the greatest common divisor of x and 6.
6
Let d be 4/14 + (-2280)/42. Let f be (-6)/2 - d/(-3). Let h be 5/(-5) + f/(-3). What is the greatest common divisor of 6 and h?
6
Let s = -4182 + 6206. What is the greatest common divisor of 11 and s?
11
Let x = -431 - -488. Calculate the highest common factor of x and 95.
19
Suppose 0 = 11*n - 3450 + 227. What is the highest common factor of 1 and n?
1
Let l be (-6)/(-10) + (-204)/(-10). Let i = -63 + 170. Suppose 5*n - 4*u = -6*u + i, -44 = -2*n - 2*u. Calculate the highest common factor of n and l.
21
Let u = -2 - -20. Let k = 11 - -13. Let q = k - -3. What is the highest common factor of u and q?
9
Suppose 61*f - 1430 = -10*f - 39*f. Suppose 3*g = -3*y - 21, 11 = 2*g - 4*y - 5. Let s be g*(39/(-2) + 0). What is the greatest common factor of s and f?
13
Let r(b) = 2*b - 9. Let t be r(6). Suppose 0 = 2*d - 3*h - 5 - 0, 5*d = -t*h + 2. Calculate the greatest common divisor of d and 4.
1
Let g = 129 + -102. Calculate the highest common divisor of g and 18.
9
Let t = 34 - 16. Let r be t*(0 - -1) + 0. Let k(q) = 2*q**2 - 152*q + 308. Let i be k(2). Calculate the highest common factor of i and r.
6
Let r(z) = -11 + 0 + 0*z + z. Let l be r(14). Suppose -4*o = -g - 30 - 34, -l*g = 2*o - 46. Calculate the highest common divisor of o and 85.
17
Let j = 58 + 26. What is the greatest common divisor of j and 48?
12
Suppose 14*r = -2*d + 11*r + 45, -5*d - 2*r + 118 = 0. What is the greatest common divisor of 40 and d?
8
Let o(y) = -4*y + 70. Let d be o(0). What is the greatest common divisor of d and 245?
35
Let b be 2/3 + 32/24. Suppose -b*a - 2*h = -204, h - 3*h = -5*a + 524. Calculate the greatest common factor of a and 16.
8
Let c be (-6)/27 - (-124)/(-9). Let q(g) = -g - 10. Let l be q(c). Suppose l*p - 10 = 2*p. What is the highest common divisor of 2 and p?
1
Let k(w) = w**2 - 3*w + 14. Let y(f) = 3*f**2 - 10*f + 43. Let m(c) = -8*k(c) + 3*y(c). Let h be m(4). Calculate the greatest common factor of 99 and h.
9
Let x be (-8)/(-36) + (-534)/(-27). Suppose 4*k + 4*v = -v + 1030, -4*v - 1308 = -5*k. Calculate the highest common factor of k and x.
20
Let f be 1680/63*((-51)/(-12) + -2). Calculate the highest common factor of f and 20.
20
Suppose 2*x